{"id":95,"date":"2023-11-13T20:42:00","date_gmt":"2023-11-13T20:42:00","guid":{"rendered":"https:\/\/teid.dk\/da\/?page_id=95"},"modified":"2023-11-13T21:04:14","modified_gmt":"2023-11-13T21:04:14","slug":"medieomtale","status":"publish","type":"page","link":"https:\/\/teid.dk\/da\/medieomtale\/","title":{"rendered":"Medieomtale"},"content":{"rendered":"<ul class=\"wp-block-latest-posts__list has-dates wp-block-latest-posts\"><li><div class=\"wp-block-latest-posts__featured-image alignleft\"><img loading=\"lazy\" decoding=\"async\" width=\"150\" height=\"150\" src=\"https:\/\/teid.dk\/da\/wp-content\/uploads\/sites\/3\/2024\/10\/29Ekim2024_Danturk-150x150.jpg\" class=\"attachment-thumbnail size-thumbnail wp-post-image\" alt=\"\" style=\"max-width:150px;max-height:150px;\" \/><\/div><a class=\"wp-block-latest-posts__post-title\" href=\"https:\/\/teid.dk\/da\/2024\/10\/29\/danturk-dk-101-aarsdagen-for-republikken-tyrkiet-fejres-i-danmark\/\">Danturk.dk: 101-\u00e5rsdagen for Republikken Tyrkiet fejres i Danmark<\/a><time datetime=\"2024-10-29T20:00:00+00:00\" class=\"wp-block-latest-posts__post-date\">oktober 29, 2024<\/time><div class=\"wp-block-latest-posts__post-excerpt\">Tyrkiet markerer den 29. oktober sin 101-\u00e5rsf\u00f8dselsdag som republik. B\u00e5de i Tyrkiet, Danmark og udlande fejres Republikkens 101-\u00e5rs dagen med forskellige begivenheder til \u00e6re for den sekul\u00e6re republiks stifter, Mustafa Kemal Atat\u00fcrk. Af Meral BALLEGAARDmeral@danturk.com Ligesom i hele Tyrkiet og p\u00e5 tyrkiske repr\u00e6sentationer i udlandet bliver 101-\u00e5rsdagen for republikken fejret med stor gl\u00e6de i Danmark.\u2026 <a class=\"wp-block-latest-posts__read-more\" href=\"https:\/\/teid.dk\/da\/2024\/10\/29\/danturk-dk-101-aarsdagen-for-republikken-tyrkiet-fejres-i-danmark\/\" rel=\"noopener noreferrer\">L\u00e6s mere<span class=\"screen-reader-text\">: Danturk.dk: 101-\u00e5rsdagen for Republikken Tyrkiet fejres i Danmark<\/span><\/a><\/div><\/li>\n<li><div class=\"wp-block-latest-posts__featured-image alignleft\"><img loading=\"lazy\" decoding=\"async\" width=\"150\" height=\"150\" src=\"https:\/\/teid.dk\/da\/wp-content\/uploads\/sites\/3\/2023\/11\/16Subat2023_Danturk_2-150x150.jpeg\" class=\"attachment-thumbnail size-thumbnail wp-post-image\" alt=\"\" style=\"max-width:150px;max-height:150px;\" \/><\/div><a class=\"wp-block-latest-posts__post-title\" href=\"https:\/\/teid.dk\/da\/2023\/02\/16\/danturk-dk-mindehoejtidelighed-for-jordskaelvsofrene-i-tyrkiet-og-syrien-paa-christiansborg-slotsplads\/\">Danturk.dk: Mindeh\u00f8jtidelighed for jordsk\u00e6lvsofrene i Tyrkiet og Syrien p\u00e5 Christiansborg Slotsplads<\/a><time datetime=\"2023-02-16T20:00:00+00:00\" class=\"wp-block-latest-posts__post-date\">februar 16, 2023<\/time><div class=\"wp-block-latest-posts__post-excerpt\">Foreningen for Tyrkiske Expats i Danmark opfordrer alle til at m\u00f8de op p\u00e5 Christiansborg Slotsplads s\u00f8ndag 19. februar kl. 12 til en mindeh\u00f8jtidelighed for jordsk\u00e6lvsofrene i Tyrkiet og Syrien, for at vise solidaritet med de ber\u00f8rte samfund. Tyrkiske Expats i Danmark \u2013 en forening, der st\u00f8tter nyligt udflyttede tyrkiske statsborgere i Danmark \u2013 appellerer til\u2026 <a class=\"wp-block-latest-posts__read-more\" href=\"https:\/\/teid.dk\/da\/2023\/02\/16\/danturk-dk-mindehoejtidelighed-for-jordskaelvsofrene-i-tyrkiet-og-syrien-paa-christiansborg-slotsplads\/\" rel=\"noopener noreferrer\">L\u00e6s mere<span class=\"screen-reader-text\">: Danturk.dk: Mindeh\u00f8jtidelighed for jordsk\u00e6lvsofrene i Tyrkiet og Syrien p\u00e5 Christiansborg Slotsplads<\/span><\/a><\/div><\/li>\n<\/ul>","protected":false},"excerpt":{"rendered":"","protected":false},"author":1,"featured_media":0,"parent":0,"menu_order":0,"comment_status":"closed","ping_status":"closed","template":"","meta":{"site-container-style":"default","site-container-layout":"default","site-sidebar-layout":"default","disable-article-header":"default","disable-site-header":"default","disable-site-footer":"default","disable-content-area-spacing":"default","footnotes":""},"class_list":["post-95","page","type-page","status-publish","hentry"],"jetpack_sharing_enabled":true,"_links":{"self":[{"href":"https:\/\/teid.dk\/da\/wp-json\/wp\/v2\/pages\/95","targetHints":{"allow":["GET"]}}],"collection":[{"href":"https:\/\/teid.dk\/da\/wp-json\/wp\/v2\/pages"}],"about":[{"href":"https:\/\/teid.dk\/da\/wp-json\/wp\/v2\/types\/page"}],"author":[{"embeddable":true,"href":"https:\/\/teid.dk\/da\/wp-json\/wp\/v2\/users\/1"}],"replies":[{"embeddable":true,"href":"https:\/\/teid.dk\/da\/wp-json\/wp\/v2\/comments?post=95"}],"version-history":[{"count":2,"href":"https:\/\/teid.dk\/da\/wp-json\/wp\/v2\/pages\/95\/revisions"}],"predecessor-version":[{"id":99,"href":"https:\/\/teid.dk\/da\/wp-json\/wp\/v2\/pages\/95\/revisions\/99"}],"wp:attachment":[{"href":"https:\/\/teid.dk\/da\/wp-json\/wp\/v2\/media?parent=95"}],"curies":[{"name":"wp","href":"https:\/\/api.w.org\/{rel}","templated":true}]}}

<ul class="wp-block-latest-posts__list has-dates wp-block-latest-posts"><li><div class="wp-block-latest-posts__featured-image alignleft"><img loading="lazy" decoding="async" width="150" height="150" src="https://teid.dk/da/wp-content/uploads/sites/3/2024/10/29Ekim2024_Danturk-150x150.jpg" class="attachment-thumbnail size-thumbnail wp-post-image" alt="" style="max-width:150px;max-height:150px;" /></div><a class="wp-block-latest-posts__post-title" href="https://teid.dk/da/2024/10/29/danturk-dk-101-aarsdagen-for-republikken-tyrkiet-fejres-i-danmark/">Danturk.dk: 101-årsdagen for Republikken Tyrkiet fejres i Danmark</a><time datetime="2024-10-29T20:00:00+00:00" class="wp-block-latest-posts__post-date">oktober 29, 2024</time><div class="wp-block-latest-posts__post-excerpt">Tyrkiet markerer den 29. oktober sin 101-årsfødselsdag som republik. Både i Tyrkiet, Danmark og udlande fejres Republikkens 101-års dagen med forskellige begivenheder til ære for den sekulære republiks stifter, Mustafa Kemal Atatürk. Af Meral BALLEGAARDmeral@danturk.com Ligesom i hele Tyrkiet og på tyrkiske repræsentationer i udlandet bliver 101-årsdagen for republikken fejret med stor glæde i Danmark.… <a class="wp-block-latest-posts__read-more" href="https://teid.dk/da/2024/10/29/danturk-dk-101-aarsdagen-for-republikken-tyrkiet-fejres-i-danmark/" rel="noopener noreferrer">Læs mere<span class="screen-reader-text">: Danturk.dk: 101-årsdagen for Republikken Tyrkiet fejres i Danmark</span></a></div></li>
<li><div class="wp-block-latest-posts__featured-image alignleft"><img loading="lazy" decoding="async" width="150" height="150" src="https://teid.dk/da/wp-content/uploads/sites/3/2023/11/16Subat2023_Danturk_2-150x150.jpeg" class="attachment-thumbnail size-thumbnail wp-post-image" alt="" style="max-width:150px;max-height:150px;" /></div><a class="wp-block-latest-posts__post-title" href="https://teid.dk/da/2023/02/16/danturk-dk-mindehoejtidelighed-for-jordskaelvsofrene-i-tyrkiet-og-syrien-paa-christiansborg-slotsplads/">Danturk.dk: Mindehøjtidelighed for jordskælvsofrene i Tyrkiet og Syrien på Christiansborg Slotsplads</a><time datetime="2023-02-16T20:00:00+00:00" class="wp-block-latest-posts__post-date">februar 16, 2023</time><div class="wp-block-latest-posts__post-excerpt">Foreningen for Tyrkiske Expats i Danmark opfordrer alle til at møde op på Christiansborg Slotsplads søndag 19. februar kl. 12 til en mindehøjtidelighed for jordskælvsofrene i Tyrkiet og Syrien, for at vise solidaritet med de berørte samfund. Tyrkiske Expats i Danmark – en forening, der støtter nyligt udflyttede tyrkiske statsborgere i Danmark – appellerer til… <a class="wp-block-latest-posts__read-more" href="https://teid.dk/da/2023/02/16/danturk-dk-mindehoejtidelighed-for-jordskaelvsofrene-i-tyrkiet-og-syrien-paa-christiansborg-slotsplads/" rel="noopener noreferrer">Læs mere<span class="screen-reader-text">: Danturk.dk: Mindehøjtidelighed for jordskælvsofrene i Tyrkiet og Syrien på Christiansborg Slotsplads</span></a></div></li>
</ul>
